[INFO] cloning repository https://github.com/agmcleod/am_test
[INFO] running `Command { std: "git" "-c" "credential.helper=" "-c" "credential.helper=/workspace/cargo-home/bin/git-credential-null" "clone" "--bare" "https://github.com/agmcleod/am_test" "/workspace/cache/git-repos/https%3A%2F%2Fgithub.com%2Fagmcleod%2Fam_test", kill_on_drop: false }`
[INFO] [stderr] Cloning into bare repository '/workspace/cache/git-repos/https%3A%2F%2Fgithub.com%2Fagmcleod%2Fam_test'...
[INFO] running `Command { std: "git" "rev-parse" "HEAD", kill_on_drop: false }`
[INFO] [stdout] 7f6bb3d1dc3b366c02e75edd935fab224d2188d5
[INFO] checking agmcleod/am_test against try#72f88fc4e9458f89516a0b8b0868f3718aec5b47 for pr-74989
[INFO] running `Command { std: "git" "clone" "/workspace/cache/git-repos/https%3A%2F%2Fgithub.com%2Fagmcleod%2Fam_test" "/workspace/builds/worker-2/source", kill_on_drop: false }`
[INFO] [stderr] Cloning into '/workspace/builds/worker-2/source'...
[INFO] [stderr] done.
[INFO] validating manifest of git repo https://github.com/agmcleod/am_test on toolchain 72f88fc4e9458f89516a0b8b0868f3718aec5b47
[INFO] running `Command { std: "/workspace/cargo-home/bin/cargo" "+72f88fc4e9458f89516a0b8b0868f3718aec5b47" "read-manifest" "--manifest-path" "Cargo.toml", kill_on_drop: false }`
[INFO] started tweaking git repo https://github.com/agmcleod/am_test
[INFO] finished tweaking git repo https://github.com/agmcleod/am_test
[INFO] tweaked toml for git repo https://github.com/agmcleod/am_test written to /workspace/builds/worker-2/source/Cargo.toml
[INFO] crate git repo https://github.com/agmcleod/am_test already has a lockfile, it will not be regenerated
[INFO] running `Command { std: "/workspace/cargo-home/bin/cargo" "+72f88fc4e9458f89516a0b8b0868f3718aec5b47" "fetch" "--locked" "--manifest-path" "Cargo.toml", kill_on_drop: false }`
[INFO] [stderr]  Downloading crates ...
[INFO] [stderr]   Downloaded gfx_core v0.6.0
[INFO] [stderr]   Downloaded gfx_device_dx11 v0.4.0
[INFO] [stderr]   Downloaded specs v0.7.1
[INFO] [stderr]   Downloaded gfx_window_glutin v0.14.0
[INFO] [stderr]   Downloaded gfx v0.14.0
[INFO] [stderr]   Downloaded dds-rs v0.4.0
[INFO] [stderr]   Downloaded genmesh v0.4.1
[INFO] [stderr]   Downloaded flate2 v0.2.17
[INFO] [stderr]   Downloaded imagefmt v4.0.0
[INFO] [stderr]   Downloaded deflate v0.7.4
[INFO] [stderr]   Downloaded d3dcompiler-sys v0.2.0
[INFO] [stderr]   Downloaded gfx_device_gl v0.13.0
[INFO] [stderr]   Downloaded jpeg-decoder v0.1.11
[INFO] [stderr]   Downloaded amethyst_renderer v0.4.1
[INFO] [stderr]   Downloaded tiled v0.4.0
[INFO] [stderr]   Downloaded wayland-scanner v0.7.7
[INFO] [stderr]   Downloaded gfx_window_dxgi v0.5.0
[INFO] [stderr]   Downloaded target_build_utils v0.3.0
[INFO] [stderr]   Downloaded image v0.12.3
[INFO] [stderr]   Downloaded siphasher v0.2.1
[INFO] [stderr]   Downloaded libloading v0.3.2
[INFO] [stderr]   Downloaded dxguid-sys v0.2.0
[INFO] [stderr]   Downloaded wavefront_obj v5.0.0
[INFO] [stderr]   Downloaded adler32 v0.3.0
[INFO] [stderr]   Downloaded threadpool v1.3.2
[INFO] [stderr]   Downloaded wayland-sys v0.7.7
[INFO] [stderr]   Downloaded winit v0.5.10
[INFO] [stderr]   Downloaded amethyst_config v0.2.1
[INFO] [stderr]   Downloaded d3d11-sys v0.2.0
[INFO] [stderr]   Downloaded wayland-client v0.7.7
[INFO] [stderr]   Downloaded amethyst v0.4.1
[INFO] running `Command { std: "docker" "create" "-v" "/var/lib/crater-agent-workspace/builds/worker-2/target:/opt/rustwide/target:rw,Z" "-v" "/var/lib/crater-agent-workspace/builds/worker-2/source:/opt/rustwide/workdir:ro,Z" "-v" "/var/lib/crater-agent-workspace/cargo-home:/opt/rustwide/cargo-home:ro,Z" "-v" "/var/lib/crater-agent-workspace/rustup-home:/opt/rustwide/rustup-home:ro,Z" "-e" "SOURCE_DIR=/opt/rustwide/workdir" "-e" "CARGO_TARGET_DIR=/opt/rustwide/target" "-e" "CARGO_HOME=/opt/rustwide/cargo-home" "-e" "RUSTUP_HOME=/opt/rustwide/rustup-home" "-w" "/opt/rustwide/workdir" "-m" "1610612736" "--user" "0:0" "--network" "none" "rustops/crates-build-env@sha256:d92eaeed33fa75130ca1ee6c8a01d1ffb62bac859dfdfb3450e3e5d1c0146529" "/opt/rustwide/cargo-home/bin/cargo" "+72f88fc4e9458f89516a0b8b0868f3718aec5b47" "metadata" "--no-deps" "--format-version=1", kill_on_drop: false }`
[INFO] [stdout] f9a4ca26a22538a1882f37d54561f9ffab8a9a3c1f294682c7adee4ab1b87ef5
[INFO] [stderr] WARNING: Your kernel does not support swap limit capabilities or the cgroup is not mounted. Memory limited without swap.
[INFO] running `Command { std: "docker" "start" "-a" "f9a4ca26a22538a1882f37d54561f9ffab8a9a3c1f294682c7adee4ab1b87ef5", kill_on_drop: false }`
[INFO] running `Command { std: "docker" "inspect" "f9a4ca26a22538a1882f37d54561f9ffab8a9a3c1f294682c7adee4ab1b87ef5", kill_on_drop: false }`
[INFO] running `Command { std: "docker" "rm" "-f" "f9a4ca26a22538a1882f37d54561f9ffab8a9a3c1f294682c7adee4ab1b87ef5", kill_on_drop: false }`
[INFO] [stdout] f9a4ca26a22538a1882f37d54561f9ffab8a9a3c1f294682c7adee4ab1b87ef5
[INFO] running `Command { std: "docker" "create" "-v" "/var/lib/crater-agent-workspace/builds/worker-2/target:/opt/rustwide/target:rw,Z" "-v" "/var/lib/crater-agent-workspace/builds/worker-2/source:/opt/rustwide/workdir:ro,Z" "-v" "/var/lib/crater-agent-workspace/cargo-home:/opt/rustwide/cargo-home:ro,Z" "-v" "/var/lib/crater-agent-workspace/rustup-home:/opt/rustwide/rustup-home:ro,Z" "-e" "SOURCE_DIR=/opt/rustwide/workdir" "-e" "CARGO_TARGET_DIR=/opt/rustwide/target" "-e" "CARGO_INCREMENTAL=0" "-e" "RUST_BACKTRACE=full" "-e" "RUSTFLAGS=--cap-lints=forbid" "-e" "CARGO_HOME=/opt/rustwide/cargo-home" "-e" "RUSTUP_HOME=/opt/rustwide/rustup-home" "-w" "/opt/rustwide/workdir" "-m" "1610612736" "--user" "0:0" "--network" "none" "rustops/crates-build-env@sha256:d92eaeed33fa75130ca1ee6c8a01d1ffb62bac859dfdfb3450e3e5d1c0146529" "/opt/rustwide/cargo-home/bin/cargo" "+72f88fc4e9458f89516a0b8b0868f3718aec5b47" "check" "--frozen" "--all" "--all-targets" "--message-format=json", kill_on_drop: false }`
[INFO] [stdout] 2d2006fbe468a472565aa7b2b2ee72ea01bde5b3a4dd4d220372e1a14adb37e4
[INFO] [stderr] WARNING: Your kernel does not support swap limit capabilities or the cgroup is not mounted. Memory limited without swap.
[INFO] running `Command { std: "docker" "start" "-a" "2d2006fbe468a472565aa7b2b2ee72ea01bde5b3a4dd4d220372e1a14adb37e4", kill_on_drop: false }`
[INFO] [stderr]     Checking libc v0.2.20
[INFO] [stderr]    Compiling siphasher v0.2.1
[INFO] [stderr]    Compiling itoa v0.3.1
[INFO] [stderr]    Compiling dtoa v0.4.1
[INFO] [stderr]    Compiling serde v0.9.7
[INFO] [stderr]    Compiling gcc v0.3.43
[INFO] [stderr]     Checking log v0.3.6
[INFO] [stderr]     Checking atom v0.3.4
[INFO] [stderr]     Checking mopa v0.2.2
[INFO] [stderr]     Checking adler32 v0.3.0
[INFO] [stderr]     Checking approx v0.1.1
[INFO] [stderr]     Checking tuple_utils v0.2.0
[INFO] [stderr]     Checking threadpool v1.3.2
[INFO] [stderr]     Checking lzw v0.10.0
[INFO] [stderr]     Checking inflate v0.1.1
[INFO] [stderr]     Checking base64 v0.1.1
[INFO] [stderr]     Checking wavefront_obj v5.0.0
[INFO] [stderr]     Checking dds-rs v0.4.0
[INFO] [stderr]     Checking xml-rs v0.3.5
[INFO] [stderr]     Checking enum_primitive v0.1.1
[INFO] [stderr]     Checking draw_state v0.6.0
[INFO] [stderr]    Compiling x11-dl v2.12.0
[INFO] [stderr]     Checking amethyst_config v0.2.1
[INFO] [stderr]     Checking deflate v0.7.4
[INFO] [stderr]    Compiling wayland-scanner v0.7.7
[INFO] [stderr]    Compiling tempfile v2.1.5
[INFO] [stderr]    Compiling phf_shared v0.7.21
[INFO] [stderr]     Checking gif v0.9.1
[INFO] [stderr]    Compiling gfx_gl v0.3.1
[INFO] [stderr]    Compiling glutin v0.7.4
[INFO] [stderr]     Checking rand v0.3.15
[INFO] [stderr]     Checking shared_library v0.1.5
[INFO] [stderr]     Checking time v0.1.36
[INFO] [stderr]     Checking num_cpus v1.2.1
[INFO] [stderr]    Compiling phf v0.7.21
[INFO] [stderr]     Checking fs2 v0.2.5
[INFO] [stderr]     Checking gfx_core v0.6.0
[INFO] [stderr]     Checking osmesa-sys v0.1.2
[INFO] [stderr]     Checking memmap v0.4.0
[INFO] [stderr]     Checking pulse v0.5.3
[INFO] [stderr]    Compiling wayland-client v0.7.7
[INFO] [stderr]     Checking specs v0.7.1
[INFO] [stderr]     Checking num-bigint v0.1.35
[INFO] [stderr]     Checking deque v0.3.1
[INFO] [stderr]     Checking cgmath v0.12.0
[INFO] [stderr]    Compiling miniz-sys v0.1.9
[INFO] [stderr]     Checking rayon v0.6.0
[INFO] [stderr]    Compiling phf_generator v0.7.21
[INFO] [stderr]    Compiling phf_codegen v0.7.21
[INFO] [stderr]     Checking png v0.6.2
[INFO] [stderr]    Compiling target_build_utils v0.3.0
[INFO] [stderr]     Checking num-rational v0.1.35
[INFO] [stderr]     Checking num v0.1.36
[INFO] [stderr]     Checking cgmath v0.7.0
[INFO] [stderr]     Checking flate2 v0.2.17
[INFO] [stderr]     Checking jpeg-decoder v0.1.11
[INFO] [stderr]     Checking imagefmt v4.0.0
[INFO] [stderr]     Checking tiled v0.4.0
[INFO] [stderr]     Checking image v0.12.3
[INFO] [stderr]     Checking gfx v0.14.0
[INFO] [stderr]    Compiling serde_json v0.9.6
[INFO] [stderr]     Checking genmesh v0.4.1
[INFO] [stderr]     Checking gfx_device_gl v0.13.0
[INFO] [stderr]    Compiling libloading v0.3.2
[INFO] [stderr]     Checking dlib v0.3.1
[INFO] [stderr]     Checking wayland-sys v0.7.7
[INFO] [stderr]     Checking wayland-kbd v0.6.3
[INFO] [stderr]     Checking wayland-window v0.4.4
[INFO] [stderr]     Checking winit v0.5.10
[INFO] [stderr]     Checking gfx_window_glutin v0.14.0
[INFO] [stderr]     Checking amethyst_renderer v0.4.1
[INFO] [stderr]     Checking amethyst v0.4.1
[INFO] [stderr]     Checking am_test v0.1.0 (/opt/rustwide/workdir)
[INFO] [stdout] warning: unused import: `RunArg`
[INFO] [stdout]   --> src/main.rs:11:34
[INFO] [stdout]    |
[INFO] [stdout] 11 | use amethyst::ecs::{World, Join, RunArg, System};
[INFO] [stdout]    |                                  ^^^^^^
[INFO] [stdout]    |
[INFO] [stdout]    = note: `#[warn(unused_imports)]` on by default
[INFO] [stdout] 
[INFO] [stdout] 
[INFO] [stdout] warning: unused import: `rendering`
[INFO] [stdout]   --> src/rendering/tiled.rs:16:5
[INFO] [stdout]    |
[INFO] [stdout] 16 | use rendering;
[INFO] [stdout]    |     ^^^^^^^^^
[INFO] [stdout] 
[INFO] [stdout] 
[INFO] [stdout] warning: unused import: `RunArg`
[INFO] [stdout]   --> src/main.rs:11:34
[INFO] [stdout]    |
[INFO] [stdout] 11 | use amethyst::ecs::{World, Join, RunArg, System};
[INFO] [stdout]    |                                  ^^^^^^
[INFO] [stdout]    |
[INFO] [stdout]    = note: `#[warn(unused_imports)]` on by default
[INFO] [stdout] 
[INFO] [stdout] 
[INFO] [stdout] warning: unused import: `rendering`
[INFO] [stdout]   --> src/rendering/tiled.rs:16:5
[INFO] [stdout]    |
[INFO] [stdout] 16 | use rendering;
[INFO] [stdout]    |     ^^^^^^^^^
[INFO] [stdout] 
[INFO] [stdout] 
[INFO] [stdout] warning: trait objects without an explicit `dyn` are deprecated
[INFO] [stdout]   --> src/main.rs:48:73
[INFO] [stdout]    |
[INFO] [stdout] 48 |             let main_target = pipe.targets.get("main").unwrap() as &Box<amethyst::renderer::Target>;
[INFO] [stdout]    |                                                                         ^^^^^^^^^^^^^^^^^^^^^^^^^^ help: use `dyn`: `dyn amethyst::renderer::Target`
[INFO] [stdout]    |
[INFO] [stdout]    = note: `#[warn(bare_trait_objects)]` on by default
[INFO] [stdout] 
[INFO] [stdout] 
[INFO] [stdout] warning: trait objects without an explicit `dyn` are deprecated
[INFO] [stdout]   --> src/main.rs:48:73
[INFO] [stdout]    |
[INFO] [stdout] 48 |             let main_target = pipe.targets.get("main").unwrap() as &Box<amethyst::renderer::Target>;
[INFO] [stdout]    |                                                                         ^^^^^^^^^^^^^^^^^^^^^^^^^^ help: use `dyn`: `dyn amethyst::renderer::Target`
[INFO] [stdout]    |
[INFO] [stdout]    = note: `#[warn(bare_trait_objects)]` on by default
[INFO] [stdout] 
[INFO] [stdout] 
[INFO] [stdout] warning: use of deprecated function `std::mem::uninitialized`: use `mem::MaybeUninit` instead
[INFO] [stdout]   --> src/rendering/tiled.rs:36:1
[INFO] [stdout]    |
[INFO] [stdout] 36 | / gfx_defines!{
[INFO] [stdout] 37 | |     constant TileMapData {
[INFO] [stdout] 38 | |         data: [f32; 4] = "data",
[INFO] [stdout] 39 | |     }
[INFO] [stdout] ...  |
[INFO] [stdout] 69 | |     }
[INFO] [stdout] 70 | | }
[INFO] [stdout]    | |_^
[INFO] [stdout]    |
[INFO] [stdout]    = note: `#[warn(deprecated)]` on by default
[INFO] [stdout]    = note: this warning originates in a macro (in Nightly builds, run with -Z macro-backtrace for more info)
[INFO] [stdout] 
[INFO] [stdout] 
[INFO] [stdout] warning: use of deprecated function `std::mem::uninitialized`: use `mem::MaybeUninit` instead
[INFO] [stdout]   --> src/rendering/tiled.rs:36:1
[INFO] [stdout]    |
[INFO] [stdout] 36 | / gfx_defines!{
[INFO] [stdout] 37 | |     constant TileMapData {
[INFO] [stdout] 38 | |         data: [f32; 4] = "data",
[INFO] [stdout] 39 | |     }
[INFO] [stdout] ...  |
[INFO] [stdout] 69 | |     }
[INFO] [stdout] 70 | | }
[INFO] [stdout]    | |_^
[INFO] [stdout]    |
[INFO] [stdout]    = note: this warning originates in a macro (in Nightly builds, run with -Z macro-backtrace for more info)
[INFO] [stdout] 
[INFO] [stdout] 
[INFO] [stdout] warning: use of deprecated function `std::mem::uninitialized`: use `mem::MaybeUninit` instead
[INFO] [stdout]   --> src/rendering/tiled.rs:36:1
[INFO] [stdout]    |
[INFO] [stdout] 36 | / gfx_defines!{
[INFO] [stdout] 37 | |     constant TileMapData {
[INFO] [stdout] 38 | |         data: [f32; 4] = "data",
[INFO] [stdout] 39 | |     }
[INFO] [stdout] ...  |
[INFO] [stdout] 69 | |     }
[INFO] [stdout] 70 | | }
[INFO] [stdout]    | |_^
[INFO] [stdout]    |
[INFO] [stdout]    = note: this warning originates in a macro (in Nightly builds, run with -Z macro-backtrace for more info)
[INFO] [stdout] 
[INFO] [stdout] 
[INFO] [stdout] warning: use of deprecated function `std::mem::uninitialized`: use `mem::MaybeUninit` instead
[INFO] [stdout]   --> src/rendering/tiled.rs:36:1
[INFO] [stdout]    |
[INFO] [stdout] 36 | / gfx_defines!{
[INFO] [stdout] 37 | |     constant TileMapData {
[INFO] [stdout] 38 | |         data: [f32; 4] = "data",
[INFO] [stdout] 39 | |     }
[INFO] [stdout] ...  |
[INFO] [stdout] 69 | |     }
[INFO] [stdout] 70 | | }
[INFO] [stdout]    | |_^
[INFO] [stdout]    |
[INFO] [stdout]    = note: this warning originates in a macro (in Nightly builds, run with -Z macro-backtrace for more info)
[INFO] [stdout] 
[INFO] [stdout] 
[INFO] [stdout] warning: use of deprecated function `std::mem::uninitialized`: use `mem::MaybeUninit` instead
[INFO] [stdout]   --> src/rendering/tiled.rs:36:1
[INFO] [stdout]    |
[INFO] [stdout] 36 | / gfx_defines!{
[INFO] [stdout] 37 | |     constant TileMapData {
[INFO] [stdout] 38 | |         data: [f32; 4] = "data",
[INFO] [stdout] 39 | |     }
[INFO] [stdout] ...  |
[INFO] [stdout] 69 | |     }
[INFO] [stdout] 70 | | }
[INFO] [stdout]    | |_^
[INFO] [stdout]    |
[INFO] [stdout]    = note: `#[warn(deprecated)]` on by default
[INFO] [stdout]    = note: this warning originates in a macro (in Nightly builds, run with -Z macro-backtrace for more info)
[INFO] [stdout] 
[INFO] [stdout] 
[INFO] [stdout] warning: use of deprecated function `std::mem::uninitialized`: use `mem::MaybeUninit` instead
[INFO] [stdout]   --> src/rendering/tiled.rs:36:1
[INFO] [stdout]    |
[INFO] [stdout] 36 | / gfx_defines!{
[INFO] [stdout] 37 | |     constant TileMapData {
[INFO] [stdout] 38 | |         data: [f32; 4] = "data",
[INFO] [stdout] 39 | |     }
[INFO] [stdout] ...  |
[INFO] [stdout] 69 | |     }
[INFO] [stdout] 70 | | }
[INFO] [stdout]    | |_^
[INFO] [stdout]    |
[INFO] [stdout]    = note: this warning originates in a macro (in Nightly builds, run with -Z macro-backtrace for more info)
[INFO] [stdout] 
[INFO] [stdout] 
[INFO] [stdout] warning: use of deprecated function `std::mem::uninitialized`: use `mem::MaybeUninit` instead
[INFO] [stdout]   --> src/rendering/tiled.rs:36:1
[INFO] [stdout]    |
[INFO] [stdout] 36 | / gfx_defines!{
[INFO] [stdout] 37 | |     constant TileMapData {
[INFO] [stdout] 38 | |         data: [f32; 4] = "data",
[INFO] [stdout] 39 | |     }
[INFO] [stdout] ...  |
[INFO] [stdout] 69 | |     }
[INFO] [stdout] 70 | | }
[INFO] [stdout]    | |_^
[INFO] [stdout]    |
[INFO] [stdout]    = note: this warning originates in a macro (in Nightly builds, run with -Z macro-backtrace for more info)
[INFO] [stdout] 
[INFO] [stdout] 
[INFO] [stdout] warning: use of deprecated function `std::mem::uninitialized`: use `mem::MaybeUninit` instead
[INFO] [stdout]   --> src/rendering/tiled.rs:36:1
[INFO] [stdout]    |
[INFO] [stdout] 36 | / gfx_defines!{
[INFO] [stdout] 37 | |     constant TileMapData {
[INFO] [stdout] 38 | |         data: [f32; 4] = "data",
[INFO] [stdout] 39 | |     }
[INFO] [stdout] ...  |
[INFO] [stdout] 69 | |     }
[INFO] [stdout] 70 | | }
[INFO] [stdout]    | |_^
[INFO] [stdout]    |
[INFO] [stdout]    = note: this warning originates in a macro (in Nightly builds, run with -Z macro-backtrace for more info)
[INFO] [stdout] 
[INFO] [stdout] 
[INFO] [stdout] warning: unused import: `Join`
[INFO] [stdout]   --> src/main.rs:11:28
[INFO] [stdout]    |
[INFO] [stdout] 11 | use amethyst::ecs::{World, Join, RunArg, System};
[INFO] [stdout]    |                            ^^^^
[INFO] [stdout] 
[INFO] [stdout] 
[INFO] [stdout] warning: unused import: `System`
[INFO] [stdout]   --> src/main.rs:11:42
[INFO] [stdout]    |
[INFO] [stdout] 11 | use amethyst::ecs::{World, Join, RunArg, System};
[INFO] [stdout]    |                                          ^^^^^^
[INFO] [stdout] 
[INFO] [stdout] 
[INFO] [stdout] warning: unused variable: `aspect_ratio`
[INFO] [stdout]   --> src/main.rs:67:17
[INFO] [stdout]    |
[INFO] [stdout] 67 |             let aspect_ratio = dim.aspect_ratio;
[INFO] [stdout]    |                 ^^^^^^^^^^^^ help: if this is intentional, prefix it with an underscore: `_aspect_ratio`
[INFO] [stdout]    |
[INFO] [stdout]    = note: `#[warn(unused_variables)]` on by default
[INFO] [stdout] 
[INFO] [stdout] 
[INFO] [stdout] warning: unused import: `Join`
[INFO] [stdout]   --> src/main.rs:11:28
[INFO] [stdout]    |
[INFO] [stdout] 11 | use amethyst::ecs::{World, Join, RunArg, System};
[INFO] [stdout]    |                            ^^^^
[INFO] [stdout] 
[INFO] [stdout] 
[INFO] [stdout] warning: unused import: `System`
[INFO] [stdout]   --> src/main.rs:11:42
[INFO] [stdout]    |
[INFO] [stdout] 11 | use amethyst::ecs::{World, Join, RunArg, System};
[INFO] [stdout]    |                                          ^^^^^^
[INFO] [stdout] 
[INFO] [stdout] 
[INFO] [stdout] warning: unused variable: `aspect_ratio`
[INFO] [stdout]   --> src/main.rs:67:17
[INFO] [stdout]    |
[INFO] [stdout] 67 |             let aspect_ratio = dim.aspect_ratio;
[INFO] [stdout]    |                 ^^^^^^^^^^^^ help: if this is intentional, prefix it with an underscore: `_aspect_ratio`
[INFO] [stdout]    |
[INFO] [stdout]    = note: `#[warn(unused_variables)]` on by default
[INFO] [stdout] 
[INFO] [stdout] 
[INFO] [stdout] error[E0507]: cannot move out of `self.tilemap_drawer` which is behind a mutable reference
[INFO] [stdout]   --> src/main.rs:54:35
[INFO] [stdout]    |
[INFO] [stdout] 54 |             let tilemap_drawer = &self.tilemap_drawer.unwrap();
[INFO] [stdout]    |                                   ^^^^^^^^^^^^^^^^^^^
[INFO] [stdout]    |                                   |
[INFO] [stdout]    |                                   move occurs because `self.tilemap_drawer` has type `Option<rendering::tiled::TileMap>`, which does not implement the `Copy` trait
[INFO] [stdout]    |                                   help: consider borrowing the `Option`'s content: `self.tilemap_drawer.as_ref()`
[INFO] [stdout] 
[INFO] [stdout] 
[INFO] [stdout] error[E0716]: temporary value dropped while borrowed
[INFO] [stdout]   --> src/main.rs:54:35
[INFO] [stdout]    |
[INFO] [stdout] 54 |             let tilemap_drawer = &self.tilemap_drawer.unwrap();
[INFO] [stdout]    |                                   ^^^^^^^^^^^^^^^^^^^^^^^^^^^^ creates a temporary which is freed while still in use
[INFO] [stdout] ...
[INFO] [stdout] 57 |                 Box::new(MapDrawPass::new(tilemap_drawer, factory)),
[INFO] [stdout]    |                          ----------------------------------------- argument requires that borrow lasts for `'static`
[INFO] [stdout] ...
[INFO] [stdout] 62 |         }
[INFO] [stdout]    |         - temporary value is freed at the end of this statement
[INFO] [stdout] 
[INFO] [stdout] 
[INFO] [stdout] error[E0507]: cannot move out of `self.tilemap_drawer` which is behind a mutable reference
[INFO] [stdout]   --> src/main.rs:54:35
[INFO] [stdout]    |
[INFO] [stdout] 54 |             let tilemap_drawer = &self.tilemap_drawer.unwrap();
[INFO] [stdout]    |                                   ^^^^^^^^^^^^^^^^^^^
[INFO] [stdout]    |                                   |
[INFO] [stdout]    |                                   move occurs because `self.tilemap_drawer` has type `Option<rendering::tiled::TileMap>`, which does not implement the `Copy` trait
[INFO] [stdout]    |                                   help: consider borrowing the `Option`'s content: `self.tilemap_drawer.as_ref()`
[INFO] [stdout] 
[INFO] [stdout] 
[INFO] [stdout] error[E0716]: temporary value dropped while borrowed
[INFO] [stdout]   --> src/main.rs:54:35
[INFO] [stdout]    |
[INFO] [stdout] 54 |             let tilemap_drawer = &self.tilemap_drawer.unwrap();
[INFO] [stdout]    |                                   ^^^^^^^^^^^^^^^^^^^^^^^^^^^^ creates a temporary which is freed while still in use
[INFO] [stdout] ...
[INFO] [stdout] 57 |                 Box::new(MapDrawPass::new(tilemap_drawer, factory)),
[INFO] [stdout]    |                          ----------------------------------------- argument requires that borrow lasts for `'static`
[INFO] [stdout] ...
[INFO] [stdout] 62 |         }
[INFO] [stdout]    |         - temporary value is freed at the end of this statement
[INFO] [stdout] 
[INFO] [stdout] 
[INFO] [stdout] error: aborting due to 2 previous errors; 10 warnings emitted
[INFO] [stdout] 
[INFO] [stdout] 
[INFO] [stdout] Some errors have detailed explanations: E0507, E0716.
[INFO] [stdout] 
[INFO] [stdout] For more information about an error, try `rustc --explain E0507`.
[INFO] [stdout] 
[INFO] [stderr] error: could not compile `am_test`.
[INFO] [stderr] 
[INFO] [stderr] To learn more, run the command again with --verbose.
[INFO] [stderr] warning: build failed, waiting for other jobs to finish...
[INFO] [stdout] error: aborting due to 2 previous errors; 10 warnings emitted
[INFO] [stdout] 
[INFO] [stdout] 
[INFO] [stdout] Some errors have detailed explanations: E0507, E0716.
[INFO] [stdout] 
[INFO] [stdout] For more information about an error, try `rustc --explain E0507`.
[INFO] [stdout] 
[INFO] [stderr] error: build failed
[INFO] running `Command { std: "docker" "inspect" "2d2006fbe468a472565aa7b2b2ee72ea01bde5b3a4dd4d220372e1a14adb37e4", kill_on_drop: false }`
[INFO] running `Command { std: "docker" "rm" "-f" "2d2006fbe468a472565aa7b2b2ee72ea01bde5b3a4dd4d220372e1a14adb37e4", kill_on_drop: false }`
[INFO] [stdout] 2d2006fbe468a472565aa7b2b2ee72ea01bde5b3a4dd4d220372e1a14adb37e4
